= -9117*t - 1695759. Determine p(-186).
3
Let v(k) = -225799*k - 2257994. Give v(-10).
-4
Let t(j) = -3817*j**2 - 286275*j - 46. What is t(-75)?
-46
Let m(q) = -3*q**2 + 72. What is m(-6)?
-36
Let w(z) = 3*z**3 + 8*z**2 + 1002*z + 3930. Determine w(-4).
-142
Let t(a) = 7*a**2 + 225*a - 3615. Give t(18).
2703
Let i(h) = -3225*h + 96739. Calculate i(30).
-11
Let n(k) = -5578*k**2 + 234279*k - 103. What is n(42)?
23
Let i(d) = 2*d**3 + 22*d**2 + 84*d + 9. Give i(-3).
-99
Let w(b) = -b**2 + 64*b + 7. Give w(63).
70
Let x(u) = -18*u**2 + 340*u + 9031. Calculate x(-15).
-119
Let h(d) = 41*d**2 + 424*d + 70. Give h(-10).
-70
Let t(h) = -77*h**2 + 899*h + 7. Determine t(12).
-293
Let q(w) = -w**2 + 212*w - 5665. Give q(180).
95
Let u(s) = -12*s**2 + 2436*s - 18715. Determine u(195).
5
Let p(w) = -115*w**2 - 275*w + 279. Calculate p(1).
-111
Let q(u) = -u**2 - 219*u + 25268. Calculate q(-303).
-184
Let o(y) = 12*y**3 - 82*y**2 - 547*y + 14. What is o(11)?
47
Let n(f) = -178*f**3 + 8*f**2 - 3*f + 2. What is n(1)?
-171
Let c(s) = -55*s**3 + 7260*s**2 + 3*s - 392. What is c(132)?
4
Let p(k) = -k**3 + 104*k**2 - 157*k - 4784. Determine p(102).
10
Let q(v) = -v**3 - 1766*v**2 - 695590*v - 598. Give q(-593).
-5
Let o(d) = -4*d**3 + 10*d**2 + 894*d - 2668. What is o(3)?
-4
Let d(k) = -k**3 + 33*k**2 - 286*k + 2547. Give d(25).
397
Let t(f) = -f**2 + 1278*f - 360794. What is t(421)?
3
Let h(f) = 1849*f - 73950. Calculate h(40).
10
Let q(z) = 34*z**2 + 26535*z + 26534. Calculate q(-1).
33
Let x(j) = -j**3 - 12*j**2 - 5449*j + 22051. Give x(4).
-1
Let q(r) = 10*r**2 + 2206*r + 28866. What is q(-14)?
-58
Let r(n) = 66143*n + 396868. What is r(-6)?
10
Let n(h) = -9*h - 342. Calculate n(-36).
-18
Let i(u) = 276603*u + 2489401. Calculate i(-9).
-26
Let h(v) = v**3 + 94*v**2 + 33*v + 1611. Give h(-94).
-1491
Let v(h) = -20289*h - 182564. Give v(-9).
37
Let b(a) = -2*a**3 - 18*a**2 + 899*a + 7248. Determine b(-8).
-72
Let w(a) = -3*a**3 + 22*a**2 - 25*a - 60. Determine w(6).
-66
Let r(y) = 4*y**2 + 1024*y + 27371. Determine r(-27).
2639
Let t(d) = -10*d**2 + 1405*d + 379. What is t(141)?
-326
Let k(x) = -x**2 - 776*x - 15763. What is k(-20)?
-643
Let w(l) = 21*l**3 - 758*l**2 + 70*l + 128. Determine w(36).
56
Let p(u) = -2*u + 367. Give p(33).
301
Let m(z) = -2*z**3 + 40*z**2 + 367*z - 7940. Calculate m(18).
-38
Let x(d) = -160*d**2 - 235*d - 70. Calculate x(-1).
5
Let q(f) = -197*f - 6658. Calculate q(-45).
2207
Let g(v) = 55290*v + 7132400. Give g(-129).
-10
Let q(b) = 43*b**3 - 35*b**2 + 86*b + 83. Calculate q(-1).
-81
Let z(b) = -46735*b - 2149784. Give z(-46).
26
Let k(h) = 509*h + 25657. What is k(-50)?
207
Let h(t) = -2*t**2 + 749*t - 15506. Give h(22).
4
Let n(v) = -4*v**2 - 5634*v + 16921. Give n(3).
-17
Let a(f) = f**3 - 1188*f**2 + 35883*f - 489. Determine a(31).
7
Let p(z) = 1507109*z - 1507051. Give p(1).
58
Let q(j) = 20662*j + 805777. Determine q(-39).
-41
Let a(d) = -157*d + 5972. Give a(45).
-1093
Let c(o) = -o**3 - 153*o**2 - 3305*o - 379. What is c(-127)?
2
Let x(b) = -b**3 - 1945*b**2 + 9755*b - 31. Calculate x(5).
-6
Let x(w) = -1076890*w - 4307543. Determine x(-4).
17
Let w(q) = q**3 - 13*q**2 - 117*q + 1438. Calculate w(10).
-32
Let o(v) = -v**2 + 259*v - 15621. Calculate o(98).
157
Let n(o) = 56393*o - 338757. Determine n(6).
-399
Let s(v) = -10*v**2 + 318*v + 158. What is s(34)?
-590
Let a(b) = -5*b**3 + 709*b**2 + 148*b + 24. Calculate a(142).
876
Let f(r) = -13*r**3 - 106*r**2 - 63*r - 360. Calculate f(-8).
16
Let v(m) = -2799*m - 29778. Determine v(-11).
1011
Let j(a) = -199*a**3 + 3*a**2 + 34*a - 69. Calculate j(2).
-1581
Let h(w) = 2365*w - 475279. Determine h(201).
86
Let w(j) = 1873*j - 1714. Give w(0).
-1714
Let x(f) = -933*f - 174689. Calculate x(-187).
-218
Let s(z) = 3*z**3 + 268*z**2 + 93*z + 415. What is s(-89)?
59
Let t(h) = 523*h - 44519. Give t(88).
1505
Let f(i) = 2*i**3 - 124*i**2 - 242*i - 144. Calculate f(64).
752
Let j(u) = u**3 + 11*u**2 - 21*u + 19. Determine j(-13).
-46
Let z(h) = -7*h**3 + 114*h**2 - 262*h + 111. Give z(14).
-421
Let o(j) = 14749*j - 162233. Calculate o(11).
6
Let g(m) = 15*m**3 + 497*m**2 + 73*m + 678. Give g(-33).
447
Let w(m) = -m**3 - 46*m**2 + 11*m + 4389. Determine w(-44).
33
Let r(x) = 118*x**3 + 77*x**2 + 147*x - 4. Give r(-2).
-934
Let g(t) = 903*t + 396444. Determine g(-439).
27
Let w(z) = -14797*z + 59055. Calculate w(4).
-133
Let o(c) = 8304*c - 41510. Give o(5).
10
Let y(f) = 39*f**2 - 34*f + 25. Calculate y(0).
25
Let c(u) = -u**3 - 128*u**2 - 65*u + 5812. Determine c(-127).
-2062
Let x(n) = 3469*n - 61831. Calculate x(17).
-2858
Let v(n) = -2*n**3 + 158*n**2 - 145*n - 840. Calculate v(78).
18
Let x(f) = -19*f**2 - 29893*f - 179334. What is x(-6)?
-660
Let u(f) = 20806*f - 624181. What is u(30)?
-1
Let u(k) = 84*k + 27121. Give u(-333).
-851
Let o(h) = -25694*h + 2980503. Determine o(116).
-1
Let i(u) = -19*u**3 + 70*u**2 - 329*u + 881. Calculate i(3).
11
Let h(w) = -277*w + 3358. What is h(12)?
34
Let u(n) = -1844*n - 169676. What is u(-92)?
-28
Let k(p) = -377*p + 77725. What is k(207)?
-314
Let n(u) = 840*u + 924. Calculate n(-1).
84
Let p(q) = 135*q - 776. Determine p(-3).
-1181
Let w(n) = -75*n**3 + 34*n**2 + 2867*n - 229. Give w(-6).
-7
Let c(a) = -12*a**2 - 351*a + 1480. Determine c(-33).
-5
Let n(u) = -3917*u**2 + 94006*u + 40. Give n(24).
-8
Let d(w) = 1057138*w - 51799765. Determine d(49).
-3
Let b(r) = -410*r - 278284. Calculate b(-679).
106
Let k(c) = -c**2 + 2400*c - 207900. Calculate k(90).
0
Let m(g) = -4*g**2 - 76*g - 104. Give m(-6).
208
Let k(g) = g**3 - 119*g**2 + 1802*g + 16. What is k(18)?
-272
Let x(i) = 118*i + 33531. What is x(-280)?
491
Let p(j) = 5*j**2 + 3456*j + 184188. What is p(-633)?
-15
Let f(q) = -88*q**2 + 10*q + 35. Give f(4).
-1333
Let u(k) = 6*k**3 - 122*k**2 + 14*k + 561. Give u(20).
41
Let a(r) = r**3 - 71*r**2 - 278*r + 35. Calculate a(-4).
-53
Let v(i) = -i**3 + 12*i**2 - 448*i + 2079. Give v(5).
14
Let t(s) = -115*s**2 + 2291*s - 2290. What is t(1)?
-114
Let d(s) = 660*s**2 - 7334*s + 763. Determine d(11).
-51
Let l(o) = 977*o + 4328. Give l(-4).
420
Let i(m) = -37*m**2 - 688*m + 179. Give i(-19).
-106
Let z(d) = -5*d**2 + 1589*d + 16363. Calculate z(-10).
-27
Let v(d) = -2*d**3 + 18*d**2 - 17*d - 94. What is v(0)?
-94
Let m(p) = 54225*p + 1301412. Determine m(-24).
12
Let k(w) = -135177*w + 3. Determine k(0).
3
Let x(a) = 85*a**2 - 171*a + 4. Calculate x(3).
256
Let w(l) = l**3 + 10*l**2 - 343*l - 4417. Calculate w(-14).
-399
Let z(o) = 4*o**2 - 45*o - 1352. Determine z(-14).
62
Let s(b) = -564*b + 2906. What is s(5)?
86
Let s(u) = 12464*u - 5272277. Calculate s(423).
-5
Let p(b) = b**2 + b - 30760. What is p(175)?
40
Let v(a) = 718*a + 6953. Calculate v(-7).
1927
Let g(s) = -s**2 - 3748*s + 217007. Give g(57).
122
Let t(o) = -105520*o - 4431823. Determine t(-42).
17
Let m(n) = -7397*n - 577210. Determine m(-78).
-244
Let q(f) = f**2 - 211868*f + 8261302. Determine q(39).
-29
Let i(m) = -44*m**2 - 7142*m - 21429. Determine i(-3).
-399
Let u(l) = -720*l + 33219. Calculate u(46).
99
Let z(y) = 115*y - 126. What is z(-13)?
-1621
Let u(f) = f**3 - f**2 + 5305*f + 26559. What is u(-5)?
-116
Let n(w) = 9186*w + 174533. What is n(-19)?
-1
Let b(q) = 3*q**3 - 39*q**2 + 120*q - 1469. Give b(13).
91
Let z(h) = 2082*h - 263. Give z(0).
-263
Let c(y) = -2336*y + 1242767. Calculate c(532).
15
Let v(r) = -4*r**2 + 229*r + 413. Calculate v(60).
-247
Let z(v) = 79*v**2 - 52858*v + 4629. What is z(669)?
-54
Let g(n) = n**2 + 164*n + 5495. What is g(-47)?
-4
Let r(h) = -3*h**3 + 44*h**2 + 42*h - 395. What is r(15)?
10
Let n(b) = -3*b**3 + 35*b**2 + 7527*b - 90177. Give n(12).
3
Let s(j) = -j**2 + 27609*j - 193153. Determine s(7).
61
Let d(j) = 7*j**3 + 8*j**2 - 164*j - 801. Give d(-5).
-656
Let u(i) = -i**3 + 2*i**2 - 748*i + 1501. Determine u(2).
5
Let s(k) = 226*k**2 - 2292*k - 6880. Determine s(-3).
2030
Let d(f) = f**3 + 48*f**2 + 555*f - 566. Give d(-27).
-242
Let y(h) = -1070*h - 26784. Give y(-25).
-34
Let x(d) = 9*d**2 - 135*d + 234. Determine x(16).
378
Let w(b) = -4*b**2 + 65*b - 77. What is w(5)?
148
Let a(c) = -2105*c + 10507. Determine a(5).
-18
Let o(u) = u**2 - 7192*u + 300295. What is o(42)?
-5
Let j(n) = 1725542*n + 17255415. Give j(-10).
-5
